t x be 2397/r - (2 + (-35)/15). Let v = -159 - x. What are the prime factors of v?
107
Let r be (56/12)/(-7*(-12)/5922). Suppose -r*p + 1968 = -325*p. What are the prime factors of p?
2, 3, 41
Suppose 0 = -3*l + 21, 0 = -67*f + 65*f - 5*l + 66667. What are the prime factors of f?
2, 8329
What are the prime factors of (-300744)/(-60)*5 + (-154)/(-14)?
25073
Let r(x) = 216*x - 3787. What are the prime factors of r(48)?
6581
Let t = -661 + 4070. List the prime factors of t.
7, 487
Let t(v) = -19*v**2 - 15*v - 20. Let s be t(19). Let m be s/(-45)*(2 - (-42)/4). Suppose -9*b + 386 = -m. List the prime factors of b.
2, 3, 11
Let k be 2*(28/8 - 2) + 4185. Suppose 252 + k = 4*d + g, -5*d - g + 5550 = 0. Suppose 7*n + d = 5*b + 8*n, 0 = -4*b + n + 888. List the prime factors of b.
2, 3, 37
Let p(t) be the second derivative of t**6/10 - t**5/24 + 13*t**4/12 - t. Let v(q) be the third derivative of p(q). List the prime factors of v(2).
139
Suppose 223317 + 47638 = 23*d - 107694. List the prime factors of d.
101, 163
Let w(o) = o**3 - 13*o**2 + 12*o - 18. Let s be w(12). Let h = 23 + s. Suppose h*u = u + 232. What are the prime factors of u?
2, 29
Suppose -191 - 18 = -11*p. Let t = -16 + p. Let f = t + 36. List the prime factors of f.
3, 13
Let u be 2/4*(-1)/(1/(-8)). Suppose -o - 3 = -2*o, u*f + 5*o = 55. Suppose -f + 115 = w. What are the prime factors of w?
3, 5, 7
Let s(d) = 21*d + 93. Let w be 1/(-1)*(-15 + -1) + -1. List the prime factors of s(w).
2, 3, 17
Suppose 4*g = 8*g - 12. Suppose g*q + 0*q = z + 2086, 2*q = -z + 1394. List the prime factors of q.
2, 3, 29
Let z = -181 - -355. Let q = z + 88. Suppose -2*m = k - 75, -76 + q = 5*m + k. What are the prime factors of m?
37
Suppose 2*f + 3*f = 3*g, g - 5*f + 10 = 0. Let a = -3321 + 3321. Suppose -g*d + 0*d + 660 = a. What are the prime factors of d?
2, 3, 11
Let h be 10*6/10*56/(-84). List the prime factors of (2263 + 1)*(-2)/h - 5.
7, 23
Let a(b) = -b**2 - 4*b + 3. Let x be a(-3). Let r(j) = -46*j**2 + 7*j - 11. Let d be r(-1). Let h = x - d. What are the prime factors of h?
2, 5, 7
What are the prime factors of (6005424/18)/8 + (-171)/27 + 6?
2, 13, 401
Let i(a) = 6136*a**2 + 3*a + 3. What are the prime factors of i(-1)?
2, 13, 59
Let j(g) be the third derivative of -g**5/60 - g**4/6 - g**3/3 - 10*g**2. Let x be j(-2). Suppose -x*n + 230 = 3*n. What are the prime factors of n?
2, 23
What are the prime factors of 74864 - 52 - (72/6)/(-3)?
2, 7, 167
List the prime factors of 10830 - -25*18/45.
2, 5, 271
Let q(d) = -2*d**2 - 25*d + 85. Let i be q(-21). Let c = 32 - i. What are the prime factors of c?
2, 19
Let k(j) = -218*j**3 + 8*j**2 + 674*j + 3353. What are the prime factors of k(-5)?
7, 3919
Suppose 3*u = -10*u + 117. Suppose x = -2*i + 1434, 4*x - 5736 = u*i - 5*i. What are the prime factors of x?
2, 3, 239
Suppose 2*r + 4*u - 75434 - 316 = 0, u + 189419 = 5*r. What are the prime factors of r?
43, 881
Let b = 135 - 133. Suppose -3*n + 2016 = q - 5*q, -b*n = -3*q - 1343. What are the prime factors of n?
2, 13
Let n = -2451 - -4133. Suppose 0 = 5*c - 3*v - n, -5*v = -3*c - 100 + 1106. What are the prime factors of c?
337
Let x(b) = 5*b**2 + 14*b - 9. Suppose 3*i + 2*o = -27, 0 = -i + 4*o + o - 9. Let v be x(i). Suppose -3*c + v = 21. What are the prime factors of c?
83
Let d(x) = 547*x**2 + 19*x + 11. Let i be d(-5). Suppose -i = -23*j - 4207. What are the prime factors of j?
2, 3, 17
What are the prime factors of (60 - 62)*2*-2578?
2, 1289
Suppose 18*m - 4515 = -3266 + 11207. What are the prime factors of m?
2, 173
Suppose -71*t - 9368 + 8866 + 41682 = 0. List the prime factors of t.
2, 5, 29
Let k(i) = i**2 - 12*i - 43. Let m be k(-3). Suppose 2*x - 2053 = 3*v + 4, m*x - 2097 = -5*v. List the prime factors of x.
2, 7, 37
Let m(u) = -208*u - 19. Let i = -113 - -111. List the prime factors of m(i).
397
Suppose 3*m - 23*x + 27*x = -29, 2*m = 5*x - 4. What are the prime factors of (-26)/m + (-6)/(-21) + 652?
2, 41
List the prime factors of (336/4)/(-12)*(-3 + (-215220)/28).
2, 3, 8971
Let v = 970 - 1095. List the prime factors of 35250/v*(-13)/2.
3, 13, 47
Suppose -1701 = -4*x + 675. Suppose -10*f + f = -x. What are the prime factors of f?
2, 3, 11
Suppose 1699*d + 295548 = 1732*d. What are the prime factors of d?
2, 2239
Let y = -5098 - -34664. What are the prime factors of y?
2, 14783
Let b(j) be the third derivative of -j**5/30 + 17*j**4/24 + 2*j**3 + 25*j**2. Let l be b(13). Let g = l - -256. What are the prime factors of g?
151
Suppose -3*d = -0*d - 564. Let w = 193 - d. What are the prime factors of w?
5
Suppose -15*w = 4*a - 52019, 65077 = -50*a + 55*a + w. List the prime factors of a.
2, 1627
Let i = 35871 - 24841. What are the prime factors of i?
2, 5, 1103
Let a(d) = -8*d - 72. Let r be a(0). Let f = r + 74. Suppose 3*t + 9*k = 4*k + 481, -f*k - 164 = -t. What are the prime factors of t?
2, 3
Suppose -2*i + r = -r - 184, -5*r = -15. Suppose -688 = 91*l - i*l. List the prime factors of l.
2, 43
Let w(y) be the second derivative of -y**4/12 - 10*y**3/3 - 17*y**2/2 + 8*y. What are the prime factors of w(-8)?
79
What are the prime factors of (494 - -13)/(6/38)?
13, 19
Suppose 18096 = v + o, 93*o - 97*o - 72408 = -4*v. What are the prime factors of v?
3, 2011
Suppose -4*a - 16 = -8*a. Suppose -5*h + 2*s + 1480 = 0, -a*s - 902 = -h - 2*h. List the prime factors of h.
2, 3, 7
Let p = -1022 - -3348. List the prime factors of p.
2, 1163
Let l = 12 - 14. Let o = 5 + l. Suppose 0 = o*h + 3*n - 84, -h - n + 4*n = -28. What are the prime factors of h?
2, 7
Let q be (-16)/(-72) - 1624/18. Let r be 10/q - 2/(-18). Suppose 2*a + 154 = n - r*a, -2*n - 5*a + 326 = 0. What are the prime factors of n?
2, 79
Suppose -19*m = -46*m + 162. Let h(r) = 189*r + 33. List the prime factors of h(m).
3, 389
Suppose 1225 + 4367 = 6*u. Suppose -3*v + u = -4*p, -4*p = 4*v - 611 - 641. Suppose 0 = -3*r + v - 60. List the prime factors of r.
2, 3, 7
Suppose 559*m - 33511772 = 10460286. List the prime factors of m.
2, 37, 1063
Let m = 313 - 297. Suppose 0 = -m*r + 4466 + 3310. List the prime factors of r.
2, 3
Let g be (12 - 4) + (-12)/(12/4). Suppose f + g*f = -t + 83, t - f = 59. What are the prime factors of t?
3, 7
Let o = -3476 - 3910. What are the prime factors of ((o*3)/(-9))/2?
1231
Suppose -15*j = 6*j - 159033. What are the prime factors of j?
7573
Let f(m) = m**3 + 6*m**2 + m + 5. Let p be f(-6). Suppose -7*z = 22 - 120. List the prime factors of (-147 + p)/(z + -16).
2, 37
Suppose -d + 51798 = -5*n, 2*d - 151951 = -4*n - 48397. List the prime factors of d.
3, 41, 421
Let b(c) = -c**2 + 10*c - 6. Let r be b(8). Suppose -732 = 4*t - r*t. Let k = -43 + t. List the prime factors of k.
79
Let a(x) = x**2 + 18*x - 7. Let k be a(-19). Let m be -6*(-3)/k*2. Suppose -2*o - 5 = -m*o. List the prime factors of o.
5
Let s = 4692 - -1188. Suppose 31*q - s = 25*q. List the prime factors of q.
2, 5, 7
Suppose 0 = -3*p + 2*k + 12, 4*k - 6 - 10 = -4*p. Let h be ((-6)/p)/((-2)/(8/3)). Suppose 457 - 135 = h*x. List the prime factors of x.
7, 23
Let v be (7/14 + -2)*36. Let x = 931 - v. List the prime factors of x.
5, 197
Let m = -2 - -2. Suppose -g - g + 4 = m. What are the prime factors of 4442/18 - g/(-9)?
13, 19
Let i(f) = -13*f - 87. Let x be i(-7). Suppose -2*w = -0*w + j - 507, -4*w - x*j + 1012 = 0. List the prime factors of w.
2, 127
Let f(v) = 245*v + 3. Let t be f(-3). What are the prime factors of 15/10*t/(-18)?
61
Let g = 146 - 148. Let r = 123 - 185. List the prime factors of g - (2*r)/1.
2, 61
Let p(z) = -z**3 + 17*z**2 - 27*z - 28. Suppose 76 = 5*u + 3*a, 4*a + 44 = 5*u - 18. What are the prime factors of p(u)?
2, 7, 13
Let k be 36/((-158)/(-40) - 4). Let m = k - -1028. What are the prime factors of m?
2, 7, 11
List the prime factors of (3*6)/(((-348)/(-2216))/29).
2, 3, 277
Suppose 0 = -768*r + 761*r - 252. List the prime factors of (-1371)/12*r/3.
3, 457
Let z = 27792 - 10271. List the prime factors of z.
7, 2503
Suppose -l + 7193 = -0*l + 4*i, 9 = 3*i. What are the prime factors of l?
43, 167
Let o = 83408 - 53636. List the prime factors of o.
2, 3, 827
Let r(i) = -13*i**2 + 18*i - 68. Let y be r(8). What are the prime factors of ((-558)/(-7))/((-9)/y*12)?
2, 3, 31
Suppose 4*i - 10*i = -1398. Suppose -3*t = -